{"id":20147,"date":"2024-01-08T18:25:51","date_gmt":"2024-01-08T17:25:51","guid":{"rendered":"https:\/\/ethnos360.de\/web_neu\/?post_type=product&#038;p=20147"},"modified":"2024-01-08T18:26:05","modified_gmt":"2024-01-08T17:26:05","slug":"i-panjohuri-ne-rrugen-per-ne-emaus-albanisch","status":"publish","type":"product","link":"https:\/\/www.ethnos360.de\/web_neu\/product\/i-panjohuri-ne-rrugen-per-ne-emaus-albanisch\/","title":{"rendered":"I Panjohuri n\u00eb Rrug\u00ebn p\u00ebr n\u00eb Emaus &#8211; albanisch"},"content":{"rendered":"<p><b>Kush ishte Njeriu?<\/b><\/p>\n<p><b>Cili ishte Mesazhi?<\/b><\/p>\n<p><b>Ai \u00ebsht\u00eb quajtur &#8222;libri m\u00eb i keqkuptuar n\u00eb histori&#8220;.<\/b><\/p>\n<p>Luftra jan\u00eb luftuar n\u00eb em\u00ebr t\u00eb tij, skandale jan\u00eb p\u00ebrshkall\u00ebzuar prej tij, politikat kan\u00eb marr\u00eb dhe rimarr\u00eb form\u00eb sipas fjal\u00ebs s\u00eb tij. Teolog\u00ebt e kan\u00eb mbrojtur dhe e kan\u00eb shar\u00eb at\u00eb. Skeptik\u00ebt kan\u00eb b\u00ebr\u00eb po t\u00eb nj\u00ebjt\u00ebn gj\u00eb. N\u00ebse je nj\u00eb an\u00ebtar tipik i rac\u00ebs njer\u00ebzore, ti shpesh je hutuar nga gjith\u00eb &#8222;buja&#8220; q\u00eb ka rrethuar Bibl\u00ebn. Mbetet pyetja: &#8222;\u00c7far\u00eb thot\u00eb ajo n\u00eb t\u00eb v\u00ebrtet\u00eb?&#8220;.<\/p>\n<p>K\u00ebtu kemi nj\u00eb lib\u00ebr q\u00eb shpjegon qart\u00ebsisht dhe logjikisht temat m\u00eb t\u00eb m\u00ebdha biblike. N\u00eb vend q\u00eb t\u00eb fokusohet tek nj\u00eb pjes\u00eb dhe t\u00eb humbas\u00eb t\u00ebr\u00ebsin\u00eb e saj, autori lidh s\u00eb bashku n\u00eb m\u00ebnyr\u00eb kronologjike gjith\u00eb tekstin n\u00eb nj\u00eb dram\u00eb madh\u00ebshtore universale, duke i par\u00eb ngjarjet nga k\u00ebndv\u00ebshtrimi i atyre q\u00eb e p\u00ebrjetuan historin\u00eb duke e b\u00ebr\u00eb at\u00eb. Rezultatet ndonj\u00ebher\u00eb jan\u00eb komik\u00eb, ndonj\u00ebher\u00eb t\u00eb friksh\u00ebm, por gjithmon\u00eb t\u00eb v\u00ebrtet\u00eb ndaj q\u00ebllimit t\u00eb tekstit.<\/p>\n<p>Kur ju ta p\u00ebrfundoni at\u00eb s\u00eb lexuari, ju mund ta gjeni veten duke e besuar &#8222;Librin&#8220; si asnj\u00ebher\u00eb m\u00eb par\u00eb. Ose mund t\u00eb vendosni p\u00ebr t\u00eb kund\u00ebrt\u00ebn. P\u00ebrqasja objektive e autorit e l\u00eb k\u00ebt\u00eb vendim n\u00eb dor\u00ebn tuaj.<\/p>\n<p>&#8222;Megjith\u00ebse kam shkuar n\u00eb kish\u00eb p\u00ebr m\u00eb shum\u00eb se 30 vjet, Bibla nuk ka pasur kurr\u00eb kuptim p\u00ebr mua. Ajo ishte thjesht nj\u00eb grusht historish pa lidhje me nj\u00ebra-tjetr\u00ebn. Tani, e gjith\u00eb Bibla \u00ebsht\u00eb nj\u00eb e t\u00ebr\u00eb n\u00eb nj\u00eb m\u00ebnyr\u00eb t\u00eb qart\u00eb, logjike. Ajo \u00ebsht\u00eb v\u00ebrtet e jasht\u00ebzakonshme.&#8220;<\/p>\n","protected":false},"excerpt":{"rendered":"<p>Kush ishte Njeriu? Cili ishte Mesazhi? Ai \u00ebsht\u00eb quajtur &#8222;libri m\u00eb i keqkuptuar n\u00eb histori&#8220;. Luftra jan\u00eb luftuar n\u00eb em\u00ebr t\u00eb tij, skandale jan\u00eb p\u00ebrshkall\u00ebzuar prej tij, politikat kan\u00eb marr\u00eb dhe rimarr\u00eb form\u00eb sipas fjal\u00ebs s\u00eb tij. Teolog\u00ebt e kan\u00eb mbrojtur dhe e kan\u00eb shar\u00eb at\u00eb. Skeptik\u00ebt kan\u00eb b\u00ebr\u00eb po t\u00eb nj\u00ebjt\u00ebn gj\u00eb. N\u00ebse je [&hellip;]<\/p>\n","protected":false},"featured_media":20193,"template":"","meta":{"site-sidebar-layout":"default","site-content-layout":"","ast-site-content-layout":"default","site-content-style":"default","site-sidebar-style":"default","ast-global-header-display":"","ast-banner-title-visibility":"","ast-main-header-display":"","ast-hfb-above-header-display":"","ast-hfb-below-header-display":"","ast-hfb-mobile-header-display":"","site-post-title":"","ast-breadcrumbs-content":"","ast-featured-img":"","footer-sml-layout":"","theme-transparent-header-meta":"","adv-header-id-meta":"","stick-header-meta":"","header-above-stick-meta":"","header-main-stick-meta":"","header-below-stick-meta":"","astra-migrate-meta-layouts":"default","ast-page-background-enabled":"default","ast-page-background-meta":{"desktop":{"background-color":"","background-image":"","background-repeat":"repeat","background-position":"center center","background-size":"auto","background-attachment":"scroll","background-type":"","background-media":"","overlay-type":"","overlay-color":"","overlay-opacity":"","overlay-gradient":""},"tablet":{"background-color":"","background-image":"","background-repeat":"repeat","background-position":"center center","background-size":"auto","background-attachment":"scroll","background-type":"","background-media":"","overlay-type":"","overlay-color":"","overlay-opacity":"","overlay-gradient":""},"mobile":{"background-color":"","background-image":"","background-repeat":"repeat","background-position":"center center","background-size":"auto","background-attachment":"scroll","background-type":"","background-media":"","overlay-type":"","overlay-color":"","overlay-opacity":"","overlay-gradient":""}},"ast-content-background-meta":{"desktop":{"background-color":"var(--ast-global-color-5)","background-image":"","background-repeat":"repeat","background-position":"center center","background-size":"auto","background-attachment":"scroll","background-type":"","background-media":"","overlay-type":"","overlay-color":"","overlay-opacity":"","overlay-gradient":""},"tablet":{"background-color":"var(--ast-global-color-5)","background-image":"","background-repeat":"repeat","background-position":"center center","background-size":"auto","background-attachment":"scroll","background-type":"","background-media":"","overlay-type":"","overlay-color":"","overlay-opacity":"","overlay-gradient":""},"mobile":{"background-color":"var(--ast-global-color-5)","background-image":"","background-repeat":"repeat","background-position":"center center","background-size":"auto","background-attachment":"scroll","background-type":"","background-media":"","overlay-type":"","overlay-color":"","overlay-opacity":"","overlay-gradient":""}}},"product_brand":[],"product_cat":[96,97],"product_tag":[],"class_list":{"0":"post-20147","1":"product","2":"type-product","3":"status-publish","4":"has-post-thumbnail","6":"product_cat-buecher","7":"product_cat-fremdsprachige-buecher","8":"desktop-align-left","9":"tablet-align-left","10":"mobile-align-left","12":"first","13":"instock","14":"taxable","15":"shipping-taxable","16":"purchasable","17":"product-type-simple"},"yoast_head":"<!-- This site is optimized with the Yoast SEO plugin v26.4 - https:\/\/yoast.com\/wordpress\/plugins\/seo\/ -->\n<title>I Panjohuri n\u00eb Rrug\u00ebn p\u00ebr n\u00eb Emaus - albanisch - Ethnos360<\/title>\n<meta name=\"robots\" content=\"noindex, follow, max-snippet:-1, max-image-preview:large, max-video-preview:-1\" \/>\n<meta property=\"og:locale\" content=\"de_DE\" \/>\n<meta property=\"og:type\" content=\"article\" \/>\n<meta property=\"og:title\" content=\"I Panjohuri n\u00eb Rrug\u00ebn p\u00ebr n\u00eb Emaus - albanisch - Ethnos360\" \/>\n<meta property=\"og:description\" content=\"Kush ishte Njeriu? Cili ishte Mesazhi? Ai \u00ebsht\u00eb quajtur &#8222;libri m\u00eb i keqkuptuar n\u00eb histori&#8220;. Luftra jan\u00eb luftuar n\u00eb em\u00ebr t\u00eb tij, skandale jan\u00eb p\u00ebrshkall\u00ebzuar prej tij, politikat kan\u00eb marr\u00eb dhe rimarr\u00eb form\u00eb sipas fjal\u00ebs s\u00eb tij. Teolog\u00ebt e kan\u00eb mbrojtur dhe e kan\u00eb shar\u00eb at\u00eb. Skeptik\u00ebt kan\u00eb b\u00ebr\u00eb po t\u00eb nj\u00ebjt\u00ebn gj\u00eb. N\u00ebse je [&hellip;]\" \/>\n<meta property=\"og:url\" content=\"https:\/\/www.ethnos360.de\/web_neu\/product\/i-panjohuri-ne-rrugen-per-ne-emaus-albanisch\/\" \/>\n<meta property=\"og:site_name\" content=\"Ethnos360\" \/>\n<meta property=\"article:publisher\" content=\"https:\/\/www.facebook.com\/Ethnos360de\/\" \/>\n<meta property=\"article:modified_time\" content=\"2024-01-08T17:26:05+00:00\" \/>\n<meta property=\"og:image\" content=\"https:\/\/www.ethnos360.de\/web_neu\/wp-content\/uploads\/2024\/01\/1-3-019_mg_4481.jpg\" \/>\n\t<meta property=\"og:image:width\" content=\"683\" \/>\n\t<meta property=\"og:image:height\" content=\"1024\" \/>\n\t<meta property=\"og:image:type\" content=\"image\/jpeg\" \/>\n<meta name=\"twitter:card\" content=\"summary_large_image\" \/>\n<meta name=\"twitter:label1\" content=\"Gesch\u00e4tzte Lesezeit\" \/>\n\t<meta name=\"twitter:data1\" content=\"1\u00a0Minute\" \/>\n<script type=\"application\/ld+json\" class=\"yoast-schema-graph\">{\"@context\":\"https:\/\/schema.org\",\"@graph\":[{\"@type\":\"WebPage\",\"@id\":\"https:\/\/www.ethnos360.de\/web_neu\/product\/i-panjohuri-ne-rrugen-per-ne-emaus-albanisch\/\",\"url\":\"https:\/\/www.ethnos360.de\/web_neu\/product\/i-panjohuri-ne-rrugen-per-ne-emaus-albanisch\/\",\"name\":\"I Panjohuri n\u00eb Rrug\u00ebn p\u00ebr n\u00eb Emaus - albanisch - Ethnos360\",\"isPartOf\":{\"@id\":\"https:\/\/www.ethnos360.de\/web_neu\/#website\"},\"primaryImageOfPage\":{\"@id\":\"https:\/\/www.ethnos360.de\/web_neu\/product\/i-panjohuri-ne-rrugen-per-ne-emaus-albanisch\/#primaryimage\"},\"image\":{\"@id\":\"https:\/\/www.ethnos360.de\/web_neu\/product\/i-panjohuri-ne-rrugen-per-ne-emaus-albanisch\/#primaryimage\"},\"thumbnailUrl\":\"https:\/\/www.ethnos360.de\/web_neu\/wp-content\/uploads\/2024\/01\/1-3-019_mg_4481.jpg\",\"datePublished\":\"2024-01-08T17:25:51+00:00\",\"dateModified\":\"2024-01-08T17:26:05+00:00\",\"breadcrumb\":{\"@id\":\"https:\/\/www.ethnos360.de\/web_neu\/product\/i-panjohuri-ne-rrugen-per-ne-emaus-albanisch\/#breadcrumb\"},\"inLanguage\":\"de\",\"potentialAction\":[{\"@type\":\"ReadAction\",\"target\":[\"https:\/\/www.ethnos360.de\/web_neu\/product\/i-panjohuri-ne-rrugen-per-ne-emaus-albanisch\/\"]}]},{\"@type\":\"ImageObject\",\"inLanguage\":\"de\",\"@id\":\"https:\/\/www.ethnos360.de\/web_neu\/product\/i-panjohuri-ne-rrugen-per-ne-emaus-albanisch\/#primaryimage\",\"url\":\"https:\/\/www.ethnos360.de\/web_neu\/wp-content\/uploads\/2024\/01\/1-3-019_mg_4481.jpg\",\"contentUrl\":\"https:\/\/www.ethnos360.de\/web_neu\/wp-content\/uploads\/2024\/01\/1-3-019_mg_4481.jpg\",\"width\":683,\"height\":1024},{\"@type\":\"BreadcrumbList\",\"@id\":\"https:\/\/www.ethnos360.de\/web_neu\/product\/i-panjohuri-ne-rrugen-per-ne-emaus-albanisch\/#breadcrumb\",\"itemListElement\":[{\"@type\":\"ListItem\",\"position\":1,\"name\":\"Startseite\",\"item\":\"https:\/\/www.ethnos360.de\/web_neu\/\"},{\"@type\":\"ListItem\",\"position\":2,\"name\":\"Shop\",\"item\":\"https:\/\/www.ethnos360.de\/web_neu\/shop\/\"},{\"@type\":\"ListItem\",\"position\":3,\"name\":\"I Panjohuri n\u00eb Rrug\u00ebn p\u00ebr n\u00eb Emaus &#8211; albanisch\"}]},{\"@type\":\"WebSite\",\"@id\":\"https:\/\/www.ethnos360.de\/web_neu\/#website\",\"url\":\"https:\/\/www.ethnos360.de\/web_neu\/\",\"name\":\"Ethnos360\",\"description\":\"\u2026 AUS ALLEN SPRACHEN V\u00d6LKERN UND NATIONEN\",\"publisher\":{\"@id\":\"https:\/\/www.ethnos360.de\/web_neu\/#organization\"},\"potentialAction\":[{\"@type\":\"SearchAction\",\"target\":{\"@type\":\"EntryPoint\",\"urlTemplate\":\"https:\/\/www.ethnos360.de\/web_neu\/?s={search_term_string}\"},\"query-input\":{\"@type\":\"PropertyValueSpecification\",\"valueRequired\":true,\"valueName\":\"search_term_string\"}}],\"inLanguage\":\"de\"},{\"@type\":\"Organization\",\"@id\":\"https:\/\/www.ethnos360.de\/web_neu\/#organization\",\"name\":\"Ethnos360\",\"url\":\"https:\/\/www.ethnos360.de\/web_neu\/\",\"logo\":{\"@type\":\"ImageObject\",\"inLanguage\":\"de\",\"@id\":\"https:\/\/www.ethnos360.de\/web_neu\/#\/schema\/logo\/image\/\",\"url\":\"https:\/\/www.ethnos360.de\/web_neu\/wp-content\/uploads\/2023\/02\/logo.png\",\"contentUrl\":\"https:\/\/www.ethnos360.de\/web_neu\/wp-content\/uploads\/2023\/02\/logo.png\",\"width\":274,\"height\":180,\"caption\":\"Ethnos360\"},\"image\":{\"@id\":\"https:\/\/www.ethnos360.de\/web_neu\/#\/schema\/logo\/image\/\"},\"sameAs\":[\"https:\/\/www.facebook.com\/Ethnos360de\/\",\"https:\/\/www.instagram.com\/ethnos360de\/\",\"https:\/\/www.youtube.com\/channel\/UCwDxjbJYXz4fZDohci9WgmQ\"]}]}<\/script>\n<!-- \/ Yoast SEO plugin. -->","yoast_head_json":{"title":"I Panjohuri n\u00eb Rrug\u00ebn p\u00ebr n\u00eb Emaus - albanisch - Ethnos360","robots":{"index":"noindex","follow":"follow","max-snippet":"max-snippet:-1","max-image-preview":"max-image-preview:large","max-video-preview":"max-video-preview:-1"},"og_locale":"de_DE","og_type":"article","og_title":"I Panjohuri n\u00eb Rrug\u00ebn p\u00ebr n\u00eb Emaus - albanisch - Ethnos360","og_description":"Kush ishte Njeriu? Cili ishte Mesazhi? Ai \u00ebsht\u00eb quajtur &#8222;libri m\u00eb i keqkuptuar n\u00eb histori&#8220;. Luftra jan\u00eb luftuar n\u00eb em\u00ebr t\u00eb tij, skandale jan\u00eb p\u00ebrshkall\u00ebzuar prej tij, politikat kan\u00eb marr\u00eb dhe rimarr\u00eb form\u00eb sipas fjal\u00ebs s\u00eb tij. Teolog\u00ebt e kan\u00eb mbrojtur dhe e kan\u00eb shar\u00eb at\u00eb. Skeptik\u00ebt kan\u00eb b\u00ebr\u00eb po t\u00eb nj\u00ebjt\u00ebn gj\u00eb. N\u00ebse je [&hellip;]","og_url":"https:\/\/www.ethnos360.de\/web_neu\/product\/i-panjohuri-ne-rrugen-per-ne-emaus-albanisch\/","og_site_name":"Ethnos360","article_publisher":"https:\/\/www.facebook.com\/Ethnos360de\/","article_modified_time":"2024-01-08T17:26:05+00:00","og_image":[{"width":683,"height":1024,"url":"https:\/\/www.ethnos360.de\/web_neu\/wp-content\/uploads\/2024\/01\/1-3-019_mg_4481.jpg","type":"image\/jpeg"}],"twitter_card":"summary_large_image","twitter_misc":{"Gesch\u00e4tzte Lesezeit":"1\u00a0Minute"},"schema":{"@context":"https:\/\/schema.org","@graph":[{"@type":"WebPage","@id":"https:\/\/www.ethnos360.de\/web_neu\/product\/i-panjohuri-ne-rrugen-per-ne-emaus-albanisch\/","url":"https:\/\/www.ethnos360.de\/web_neu\/product\/i-panjohuri-ne-rrugen-per-ne-emaus-albanisch\/","name":"I Panjohuri n\u00eb Rrug\u00ebn p\u00ebr n\u00eb Emaus - albanisch - Ethnos360","isPartOf":{"@id":"https:\/\/www.ethnos360.de\/web_neu\/#website"},"primaryImageOfPage":{"@id":"https:\/\/www.ethnos360.de\/web_neu\/product\/i-panjohuri-ne-rrugen-per-ne-emaus-albanisch\/#primaryimage"},"image":{"@id":"https:\/\/www.ethnos360.de\/web_neu\/product\/i-panjohuri-ne-rrugen-per-ne-emaus-albanisch\/#primaryimage"},"thumbnailUrl":"https:\/\/www.ethnos360.de\/web_neu\/wp-content\/uploads\/2024\/01\/1-3-019_mg_4481.jpg","datePublished":"2024-01-08T17:25:51+00:00","dateModified":"2024-01-08T17:26:05+00:00","breadcrumb":{"@id":"https:\/\/www.ethnos360.de\/web_neu\/product\/i-panjohuri-ne-rrugen-per-ne-emaus-albanisch\/#breadcrumb"},"inLanguage":"de","potentialAction":[{"@type":"ReadAction","target":["https:\/\/www.ethnos360.de\/web_neu\/product\/i-panjohuri-ne-rrugen-per-ne-emaus-albanisch\/"]}]},{"@type":"ImageObject","inLanguage":"de","@id":"https:\/\/www.ethnos360.de\/web_neu\/product\/i-panjohuri-ne-rrugen-per-ne-emaus-albanisch\/#primaryimage","url":"https:\/\/www.ethnos360.de\/web_neu\/wp-content\/uploads\/2024\/01\/1-3-019_mg_4481.jpg","contentUrl":"https:\/\/www.ethnos360.de\/web_neu\/wp-content\/uploads\/2024\/01\/1-3-019_mg_4481.jpg","width":683,"height":1024},{"@type":"BreadcrumbList","@id":"https:\/\/www.ethnos360.de\/web_neu\/product\/i-panjohuri-ne-rrugen-per-ne-emaus-albanisch\/#breadcrumb","itemListElement":[{"@type":"ListItem","position":1,"name":"Startseite","item":"https:\/\/www.ethnos360.de\/web_neu\/"},{"@type":"ListItem","position":2,"name":"Shop","item":"https:\/\/www.ethnos360.de\/web_neu\/shop\/"},{"@type":"ListItem","position":3,"name":"I Panjohuri n\u00eb Rrug\u00ebn p\u00ebr n\u00eb Emaus &#8211; albanisch"}]},{"@type":"WebSite","@id":"https:\/\/www.ethnos360.de\/web_neu\/#website","url":"https:\/\/www.ethnos360.de\/web_neu\/","name":"Ethnos360","description":"\u2026 AUS ALLEN SPRACHEN V\u00d6LKERN UND NATIONEN","publisher":{"@id":"https:\/\/www.ethnos360.de\/web_neu\/#organization"},"potentialAction":[{"@type":"SearchAction","target":{"@type":"EntryPoint","urlTemplate":"https:\/\/www.ethnos360.de\/web_neu\/?s={search_term_string}"},"query-input":{"@type":"PropertyValueSpecification","valueRequired":true,"valueName":"search_term_string"}}],"inLanguage":"de"},{"@type":"Organization","@id":"https:\/\/www.ethnos360.de\/web_neu\/#organization","name":"Ethnos360","url":"https:\/\/www.ethnos360.de\/web_neu\/","logo":{"@type":"ImageObject","inLanguage":"de","@id":"https:\/\/www.ethnos360.de\/web_neu\/#\/schema\/logo\/image\/","url":"https:\/\/www.ethnos360.de\/web_neu\/wp-content\/uploads\/2023\/02\/logo.png","contentUrl":"https:\/\/www.ethnos360.de\/web_neu\/wp-content\/uploads\/2023\/02\/logo.png","width":274,"height":180,"caption":"Ethnos360"},"image":{"@id":"https:\/\/www.ethnos360.de\/web_neu\/#\/schema\/logo\/image\/"},"sameAs":["https:\/\/www.facebook.com\/Ethnos360de\/","https:\/\/www.instagram.com\/ethnos360de\/","https:\/\/www.youtube.com\/channel\/UCwDxjbJYXz4fZDohci9WgmQ"]}]}},"_links":{"self":[{"href":"https:\/\/www.ethnos360.de\/web_neu\/wp-json\/wp\/v2\/product\/20147","targetHints":{"allow":["GET"]}}],"collection":[{"href":"https:\/\/www.ethnos360.de\/web_neu\/wp-json\/wp\/v2\/product"}],"about":[{"href":"https:\/\/www.ethnos360.de\/web_neu\/wp-json\/wp\/v2\/types\/product"}],"wp:featuredmedia":[{"embeddable":true,"href":"https:\/\/www.ethnos360.de\/web_neu\/wp-json\/wp\/v2\/media\/20193"}],"wp:attachment":[{"href":"https:\/\/www.ethnos360.de\/web_neu\/wp-json\/wp\/v2\/media?parent=20147"}],"wp:term":[{"taxonomy":"product_brand","embeddable":true,"href":"https:\/\/www.ethnos360.de\/web_neu\/wp-json\/wp\/v2\/product_brand?post=20147"},{"taxonomy":"product_cat","embeddable":true,"href":"https:\/\/www.ethnos360.de\/web_neu\/wp-json\/wp\/v2\/product_cat?post=20147"},{"taxonomy":"product_tag","embeddable":true,"href":"https:\/\/www.ethnos360.de\/web_neu\/wp-json\/wp\/v2\/product_tag?post=20147"}],"curies":[{"name":"wp","href":"https:\/\/api.w.org\/{rel}","templated":true}]}}